 digit of 96844181?
8
What is the units digit of 742000375?
5
What is the ten thousands digit of 3500718313?
1
What is the units digit of 64112842?
2
What is the tens digit of 44985858?
5
What is the tens digit of 1152057468?
6
What is the ten thousands digit of 1946499564?
9
What is the tens digit of 16203396?
9
What is the millions digit of 43878498?
3
What is the millions digit of 3213769062?
3
What is the hundred thousands digit of 650412164?
4
What is the units digit of 77038178?
8
What is the hundreds digit of 157107390?
3
What is the hundred thousands digit of 2467793547?
7
What is the ten thousands digit of 716261242?
6
What is the ten thousands digit of 1038333083?
3
What is the units digit of 196265724?
4
What is the tens digit of 39208242?
4
What is the hundreds digit of 99736102?
1
What is the ten millions digit of 2916680165?
1
What is the ten thousands digit of 591028795?
2
What is the hundred thousands digit of 21758416?
7
What is the hundred thousands digit of 27233405?
2
What is the hundreds digit of 36503035?
0
What is the hundred millions digit of 105154349?
1
What is the ten millions digit of 197613097?
9
What is the tens digit of 1551771777?
7
What is the hundred millions digit of 346749062?
3
What is the hundred thousands digit of 2645787946?
7
What is the ten thousands digit of 6783492734?
9
What is the hundred millions digit of 164480060?
1
What is the tens digit of 144091110?
1
What is the millions digit of 95233974?
5
What is the hundred thousands digit of 68213518?
2
What is the hundred millions digit of 114891503?
1
What is the hundreds digit of 117738554?
5
What is the billions digit of 3440321552?
3
What is the hundred thousands digit of 2447482678?
4
What is the millions digit of 5768909693?
8
What is the hundreds digit of 188299088?
0
What is the tens digit of 43660091?
9
What is the ten thousands digit of 8862810?
6
What is the thousands digit of 655390912?
0
What is the hundreds digit of 3957872692?
6
What is the ten thousands digit of 560169328?
6
What is the ten thousands digit of 386660884?
6
What is the thousands digit of 1241411?
1
What is the units digit of 3515405540?
0
What is the hundreds digit of 2258413466?
4
What is the millions digit of 32639727?
2
What is the ten millions digit of 3083252740?
8
What is the tens digit of 981270531?
3
What is the ten thousands digit of 30055020?
5
What is the ten thousands digit of 8602626?
0
What is the ten millions digit of 287228851?
8
What is the ten thousands digit of 65140734?
4
What is the hundreds digit of 37926598?
5
What is the hundreds digit of 37835591?
5
What is the tens digit of 491581941?
4
What is the hundred thousands digit of 207266031?
2
What is the tens digit of 3386670491?
9
What is the tens digit of 532249498?
9
What is the tens digit of 82294349?
4
What is the thousands digit of 421224917?
4
What is the hundred millions digit of 4815997309?
8
What is the millions digit of 712425991?
2
What is the tens digit of 281503025?
2
What is the units digit of 406387419?
9
What is the hundred thousands digit of 795452110?
4
What is the thousands digit of 470555296?
5
What is the millions digit of 29455601?
9
What is the units digit of 188571055?
5
What is the ten thousands digit of 199385975?
8
What is the millions digit of 48511240?
8
What is the units digit of 127566171?
1
What is the millions digit of 141193903?
1
What is the hundred millions digit of 106057847?
1
What is the billions digit of 1314281598?
1
What is the hundred thousands digit of 303280706?
2
What is the ten thousands digit of 1806962292?
6
What is the ten thousands digit of 195001810?
0
What is the thousands digit of 1437237568?
7
What is the hundred millions digit of 1694007323?
6
What is the hundred millions digit of 7628753250?
6
What is the ten millions digit of 207464287?
0
What is the millions digit of 165971993?
5
What is the billions digit of 1930985382?
1
What is the millions digit of 167720304?
7
What is the ten thousands digit of 3758054515?
5
What is the thousands digit of 420533055?
3
What is the ten thousands digit of 121757003?
5
What is the hundred thousands digit of 238174303?
1
What is the ten thousands digit of 134256099?
5
What is the units digit of 120376106?
6
What is the hundred thousands digit of 15866843?
8
What is the hundreds digit of 526431172?
1
What is the millions digit of 507222428?
7
What is the ten thousands digit of 56510780?
1
What is the units digit of 1367680530?
0
What is the tens digit of 354789678?
7
What is the billions digit of 2541135151?
2
What is the hundred thousands digit of 47693761?
6
What is the ten thousands digit of 68481985?
8
What is the millions digit of 1150522000?
0
What is the hundreds digit of 548812828?
8
What is the thousands digit of 415831017?
1
What is the tens digit of 47331506?
0
What is the ten millions digit of 392388463?
9
What is the hundred thousands digit of 69010494?
0
What is the millions digit of 3461236524?
1
What is the units digit of 2203541704?
4
What is the units digit of 177031329?
9
What is the hundreds digit of 57127965?
9
What is the billions digit of 1848201455?
1
What is the hundred thousands digit of 169551489?
5
What is the tens digit of 84440120?
2
What is the hundred thousands digit of 4387601?
3
What is the thousands digit of 93025993?
5
What is the tens digit of 285876787?
8
What is the thousands digit of 8515692?
5
What is the hundred thousands digit of 2799742573?
7
What is the hundreds digit of 358812624?
6
What is the billions digit of 1230635079?
1
What is the millions digit of 163353730?
3
What is the tens digit of 29677315?
1
What is the hundreds digit of 1515711349?
3
What is the ten thousands digit of 29528894?
2
What is the hundred thousands digit of 101036297?
0
What is the units digit of 53884790?
0
What is the millions digit of 168361313?
8
What is the ten millions digit of 26461694?
2
What is the units digit of 43839960?
0
What is the hundred millions digit of 442997513?
4
What is the units digit of 719143137?
7
What is the hundreds digit of 297871945?
9
What is the ten millions digit of 151375041?
5
What is the tens digit of 6209889?
8
What is the units digit of 7154918192?
2
What is the hundred millions digit of 256440661?
2
What is the units digit of 34527471?
1
What is the thousands digit of 587491187?
1
What is the hundred millions digit of 2969119438?
9
What is the thousands digit of 111019289?
9
What is the units digit of 604673922?
2
What is the hundred thousands digit of 52100837?
1
What is the ten millions digit of 4940034752?
4
What is the hundreds digit of 19419289?
2
What is the billions digit of 3430223073?
3
What is the hundred thousands digit of 228796694?
7
What is the billions digit of 1476813565?
1
What is the hundred thousands digit of 113035916?
0
What is the hundreds digit of 300508564?
5
What is the billions digit of 1918844215?
1
What is the hundred thousands digit of 316719967?
7
What is the hundreds digit of 385683963?
9
What is the hundreds digit of 115527256?
2
What is the hundred thousands digit of 1522760173?
7
What is the units digit of 47261566?
6
What is the hundred thousands digit of 74946043?
9
What is the hundred thousands digit of 76686851?
6
What is the hundred millions digit of 118674900?
1
What is the tens digit of 101009795?
9
What is the ten millions digit of 59424555?
5
What is the hundred millions digit of 3065771772?
0
What is the units digit of 64936294?
4
What is the hundred thousands digit of 517511352?
5
What is the millions digit of 2311788?
2
What is the hundreds digit of 1166895239?
2
What is the hundreds digit of 129346681?
6
What is the units digit of 541559940?
0
What is the ten millions digit of 55629033?
5
What is the ten thousands digit of 17243912?
4
What is the millions digit of 1231747902?
1
What is the millions digit of 1252984?
1
What is the hundred millions digit of 3417403253?
4
What is the hundreds digit of 7043800?
8
What is the thousands digit of 466841721?
1
What is the billions digit of 1474133714?
1
What is the ten millions digit of 102002432?
0
What is the ten millions digit of 1102207518?
0
What is the thousands digit of 477571723?
1
What is the hundred thousands digit of 1693981787?
9
What is the hund